 of 37793143?
4
What is the hundred thousands digit of 93112806?
1
What is the ten millions digit of 241739166?
4
What is the hundred thousands digit of 13708084?
7
What is the ten thousands digit of 15502008?
0
What is the hundred thousands digit of 5972409449?
4
What is the ten millions digit of 3179792742?
7
What is the units digit of 136458164?
4
What is the units digit of 82838317?
7
What is the units digit of 98255747?
7
What is the hundreds digit of 7240619?
6
What is the ten thousands digit of 792385040?
8
What is the ten thousands digit of 2367651930?
5
What is the tens digit of 29123460?
6
What is the hundreds digit of 211784191?
1
What is the thousands digit of 401907218?
7
What is the tens digit of 974875392?
9
What is the hundred thousands digit of 57265579?
2
What is the thousands digit of 3500710051?
0
What is the thousands digit of 976011726?
1
What is the units digit of 1151905274?
4
What is the hundred millions digit of 116405614?
1
What is the ten thousands digit of 117752766?
5
What is the thousands digit of 1864275720?
5
What is the tens digit of 2715266827?
2
What is the tens digit of 201845506?
0
What is the hundred millions digit of 160565307?
1
What is the ten thousands digit of 57863776?
6
What is the units digit of 309566963?
3
What is the ten thousands digit of 5964215938?
1
What is the thousands digit of 3070519407?
9
What is the ten millions digit of 961919441?
6
What is the ten thousands digit of 5105782?
0
What is the thousands digit of 76958456?
8
What is the hundred thousands digit of 547811652?
8
What is the hundred thousands digit of 3226512334?
5
What is the units digit of 346313?
3
What is the thousands digit of 82927143?
7
What is the units digit of 753598089?
9
What is the thousands digit of 235193150?
3
What is the ten thousands digit of 43985382?
8
What is the ten millions digit of 183801724?
8
What is the tens digit of 771633584?
8
What is the hundreds digit of 109697210?
2
What is the tens digit of 1331000971?
7
What is the hundreds digit of 206600654?
6
What is the units digit of 289975703?
3
What is the ten thousands digit of 261246001?
4
What is the thousands digit of 99850840?
0
What is the tens digit of 281242640?
4
What is the units digit of 901406?
6
What is the tens digit of 390173410?
1
What is the hundred millions digit of 522794301?
5
What is the tens digit of 1026630583?
8
What is the ten millions digit of 6186535044?
8
What is the units digit of 1452370377?
7
What is the millions digit of 78344401?
8
What is the thousands digit of 3953634366?
4
What is the hundred thousands digit of 112972407?
9
What is the units digit of 157404204?
4
What is the hundreds digit of 31998245?
2
What is the hundreds digit of 237348856?
8
What is the tens digit of 1710540339?
3
What is the ten millions digit of 394722354?
9
What is the ten thousands digit of 8256890491?
9
What is the billions digit of 2692565905?
2
What is the hundreds digit of 581633738?
7
What is the hundred thousands digit of 13031645?
0
What is the thousands digit of 90171519?
1
What is the tens digit of 450384723?
2
What is the hundred thousands digit of 52308877?
3
What is the ten thousands digit of 44022711?
2
What is the hundred millions digit of 360710755?
3
What is the thousands digit of 652359216?
9
What is the tens digit of 6452022?
2
What is the billions digit of 1650629771?
1
What is the billions digit of 6039447153?
6
What is the hundred thousands digit of 68556123?
5
What is the thousands digit of 89976631?
6
What is the millions digit of 237382269?
7
What is the ten thousands digit of 240842354?
4
What is the units digit of 55558747?
7
What is the ten millions digit of 275893539?
7
What is the hundred millions digit of 296298510?
2
What is the millions digit of 95761002?
5
What is the tens digit of 1807846020?
2
What is the thousands digit of 230972211?
2
What is the millions digit of 1205592583?
5
What is the millions digit of 101556735?
1
What is the thousands digit of 418163564?
3
What is the hundred thousands digit of 14211447?
2
What is the millions digit of 7743859?
7
What is the tens digit of 961701802?
0
What is the hundreds digit of 1516596535?
5
What is the tens digit of 73693266?
6
What is the millions digit of 755827878?
5
What is the tens digit of 1910048174?
7
What is the billions digit of 3829675910?
3
What is the ten millions digit of 401945889?
0
What is the hundred thousands digit of 58610996?
6
What is the hundreds digit of 2200921132?
1
What is the units digit of 95236691?
1
What is the millions digit of 619011836?
9
What is the millions digit of 54962420?
4
What is the millions digit of 24856191?
4
What is the ten thousands digit of 77683392?
8
What is the tens digit of 804913?
1
What is the units digit of 696709686?
6
What is the hundred thousands digit of 40203071?
2
What is the millions digit of 4775804754?
5
What is the tens digit of 163518143?
4
What is the ten thousands digit of 85174217?
7
What is the hundred millions digit of 818997833?
8
What is the hundred thousands digit of 56143830?
1
What is the tens digit of 83755078?
7
What is the hundreds digit of 25138851?
8
What is the millions digit of 243261171?
3
What is the units digit of 636445263?
3
What is the tens digit of 62746522?
2
What is the ten thousands digit of 2641373212?
7
What is the billions digit of 2049292989?
2
What is the units digit of 2617929501?
1
What is the ten thousands digit of 42400271?
0
What is the hundreds digit of 1294973309?
3
What is the ten thousands digit of 81758390?
5
What is the ten millions digit of 160312710?
6
What is the tens digit of 764707013?
1
What is the hundreds digit of 338231646?
6
What is the ten thousands digit of 446088376?
8
What is the hundreds digit of 212940425?
4
What is the units digit of 2505757061?
1
What is the ten millions digit of 30942152?
3
What is the millions digit of 1349392282?
9
What is the hundred thousands digit of 73731618?
7
What is the millions digit of 957773881?
7
What is the units digit of 111113430?
0
What is the hundred millions digit of 659894065?
6
What is the ten millions digit of 5119164548?
1
What is the ten millions digit of 17653734?
1
What is the ten thousands digit of 48076430?
7
What is the units digit of 80421839?
9
What is the hundred millions digit of 2124879316?
1
What is the ten thousands digit of 34193702?
9
What is the ten thousands digit of 19368407?
6
What is the billions digit of 1023254256?
1
What is the hundreds digit of 389329457?
4
What is the tens digit of 630666907?
0
What is the billions digit of 1360140612?
1
What is the billions digit of 2694941457?
2
What is the ten thousands digit of 4297740396?
4
What is the hundred millions digit of 3708292898?
7
What is the units digit of 1149225641?
1
What is the tens digit of 366785?
8
What is the billions digit of 7517820576?
7
What is the thousands digit of 3647898?
7
What is the hundreds digit of 27578417?
4
What is the tens digit of 1337865797?
9
What is the ten thousands digit of 291391937?
9
What is the hundred thousands digit of 8399522?
3
What is the hundreds digit of 5139195?
1
What is the units digit of 40448718?
8
What is the ten millions digit of 154783375?
5
What is the ten millions digit of 591053436?
9
What is the thousands digit of 13058039?
8
What is the hundreds digit of 501162822?
8
What is the tens digit of 177496775?
7
What is the millions digit of 16166396?
6
What is the tens digit of 46897687?
8
What is the hundred millions digit of 351429284?
3
What is the millions digit of 80178551?
0
What is the tens digit of 2009200939?
3
What is the billions digit of 3324830621?
3
What is the ten thousands digit of 117685188?
8
What is the ten thousands digit of 114171434?
7
What is the thousands digit of 58132021?
2
What is the ten thousands digit of 251674303?
7
What is the millions digit of 5635252?
5
What is the ten thousands digit of 63597083?
9
What is the millions digit of 2191552246?
1
What is the hundred millions digit of 827220963?
8
What is the thousands digit of 105870515?
0
What is the millions digit of 76653663?
6
What is the ten thousands digit of 16970411?
7
What is the millions digit of 471113652?
1
What is the hundreds digit of 160367829?
8
What is the tens digit of 